*u = 786049 - 133286. What are the prime factors of u?
101, 281
Suppose -8*p + 30 + 122 = 0. Let c = p - -59. Let o = c - 27. What are the prime factors of o?
3, 17
Let q(i) = i**2 + i - 16. Let l be q(4). Suppose 5*w - 1685 = -l*h, 2*h + 33*w - 837 = 36*w. List the prime factors of h.
2, 3, 5, 7
Suppose -28*d - 21553 = -339353. What are the prime factors of d?
2, 5, 227
Let d = 116 - 65. Suppose 0 = -3*u - 7*z + 8*z + 153, -5*z - d = -u. List the prime factors of -2 + 2 + 4*u.
2, 3, 17
Let l(z) = -224*z**3 + 2*z**2 + 4*z - 5. Let n be l(2). Let a = -1251 - n. List the prime factors of a.
2, 5, 53
Suppose 12*t - 725 = -5. Let j = 56 - t. List the prime factors of -10*(-4)/(j/(-1))*1.
2, 5
Let p(l) = -1575*l**2 - 4 - 5 + 15*l + 1592*l**2 - l**3 + 2*l. What are the prime factors of p(-7)?
2, 131
List the prime factors of (-102)/((10032/(-1432) - -9) + 2 + -4).
2, 3, 17, 179
Suppose a + 2*a = 3, -4*n + 857 = 5*a. Suppose -5*x - 3*s = -7*x + n, -s - 108 = -x. Suppose 35 = o - x. What are the prime factors of o?
2, 73
Suppose -m = -2*m + 6*m. Suppose 14*k - 1469 - 3445 = m. What are the prime factors of k?
3, 13
Suppose s - 5*b + 32 = 0, -3*b - b - 20 = 3*s. Suppose 0 = -3*j - 87 + 81. List the prime factors of 7/j*57*8/s.
7, 19
Let p = 976 - -3874. What are the prime factors of p?
2, 5, 97
Let w = -6380 - -12316. Suppose -4*i - 832 = -a - w, 0 = -a. What are the prime factors of i?
2, 11, 29
Let h be 39 - 32 - 6304/(-2). Suppose -174 + h = 5*n. What are the prime factors of n?
3, 199
Let n(b) = -3466*b + 5346. List the prime factors of n(-8).
2, 23, 719
Let k(j) = -3*j - 2. Let z be k(-3). Let g be ((-24)/14)/((-2)/z). List the prime factors of ((-8)/g)/(76/(-18) + 4).
2, 3
Let x(v) = 44*v**3 - 5*v**2 + 16*v - 4. List the prime factors of x(5).
3, 23, 79
What are the prime factors of ((-1)/(-3))/(-1) + 3167856/324?
3, 3259
List the prime factors of (41352/32)/(4 + 305/(-80)).
2, 1723
Let o be 9/(-18) - (-123613)/14. Suppose -333 = -9*d + o. List the prime factors of d.
2, 509
Let u be (-1)/(-7) - 13794/(-21). Let r be (4 + u/12)*-4. Let l = r + 393. What are the prime factors of l?
2, 79
Let h = 51 - 13. Let k = 39 - h. List the prime factors of (4/12)/(k/51).
17
Let o(l) = -5*l - 59. Let j be o(-11). What are the prime factors of j/(120/(-47886)) + (-1)/5?
2, 3, 7, 19
Let i(z) = 18*z - 4. Let q be i(2). Suppose q = 3*r + 5*r. Suppose 700 = 4*n - r*c, -871 = -5*n + 5*c - 4*c. List the prime factors of n.
2, 3, 29
Let d(u) = -u**2 - 40*u - 104. Let n be d(-31). Suppose -b - 278 = 3*b - 2*t, 0 = -2*b + 3*t - 145. Let y = n + b. What are the prime factors of y?
107
Let z(c) = 188*c + 580. What are the prime factors of z(32)?
2, 17, 97
Suppose -10 = 3*t + 107. Let i = -34 - t. What are the prime factors of (0 - -2)/(i*(-2)/(-485))?
97
Let w = 413 - 358. Let g be (2/2)/(-1) + 63. Let t = g - w. What are the prime factors of t?
7
Let j be 4/(-5) + ((-4137)/(-15) - 0). Suppose 3*q = -8*q + j. List the prime factors of q.
5
Let o = -55 + 122. Let a = o + -66. Let v(r) = 16*r**3 - r**2 + r - 1. What are the prime factors of v(a)?
3, 5
Suppose -5*b + 2253 = 793. Suppose 0 = -3*w - w + b. Suppose 4*z - w = 39. What are the prime factors of z?
2, 7
Let v be 5 - -1076 - (4 - -2). Suppose v = -t + 6*t + 4*m, -3*m = 5*t - 1070. List the prime factors of t.
211
Let o = 33824 - 15039. What are the prime factors of o?
5, 13, 17
Let o(s) be the second derivative of -s**5/20 + 4*s**4/3 - 5*s**3/2 + 3*s**2 - 8*s. Let k be o(15). What are the prime factors of k/(-2) - -2*16?
29
Let l(a) = -3*a**2 + 32*a + 12. Let h be l(10). Suppose -2*j + 30*t + 1584 = h*t, 0 = -j + 2*t + 801. List the prime factors of j.
3, 5, 53
List the prime factors of (-194)/432 - (-10)/135 - (-232310)/16.
14519
Suppose -9*i + 5 = -p - 13*i, 4*p = -5*i + 2. Suppose -1745 - 1531 = -p*v. Suppose -50*y + v = -43*y. List the prime factors of y.
2, 3, 13
Let k = 97 + 37. Suppose 0 = -b + k + 475. What are the prime factors of b?
3, 7, 29
What are the prime factors of 1*(-878)/5*(13 - (-693)/(-6))?
41, 439
Suppose 0 = 76*i - 1670797 - 2097359. What are the prime factors of i?
3, 7, 787
Let y = 150224 + -88676. What are the prime factors of y?
2, 3, 23, 223
Let m = -39 + -152. Let b = m + 700. List the prime factors of b.
509
Let l = 8 - 8. Suppose -4*m = -4*u + 44, l = -3*u - 3*m - 16 + 55. Suppose u = 3*j + 3. List the prime factors of j.
3
Let c(w) = w**2 + 30*w - 2. Let x be c(-30). List the prime factors of x + -4 + 5 + 574.
3, 191
Let w(m) = -5*m**3 + 4*m**2 + 3*m - 62. List the prime factors of w(-7).
2, 457
Let c = 57169 + -27645. What are the prime factors of c?
2, 11, 61
Let n(j) = -169*j - 42. Suppose 4*h = -13*c + 10*c - 4, -4*c = 4*h + 12. List the prime factors of n(c).
2, 5, 131
Let x = 1133 + -683. Let c(n) = 483 + 6*n - n - x. List the prime factors of c(17).
2, 59
What are the prime factors of -634*2*8*((27 - 11) + -18)?
2, 317
Suppose -22*t - 2 = -21*t, 5*p = 3*t + 12356. What are the prime factors of p?
2, 5, 13, 19
Let o be 2 + ((-24)/20)/((-15)/(-50)). List the prime factors of 480/(o/(-10) + 27/270).
2, 5
Let g(j) = -3 + 4 - 7 + 0. Let k(o) = o - 25. Let q(u) = 9*g(u) - 2*k(u). What are the prime factors of q(-5)?
2, 3
Let j be (-1 + 2)/(3/54). Let c be 69/54*-8 - (-4)/j. What are the prime factors of c/4*(-16)/2?
2, 5
Let n(u) = u**2 - 11*u - 8. Suppose -17*x - 60 = -22*x. Let w be n(x). Suppose -w*a = -16*a + 444. List the prime factors of a.
37
Suppose -805 - 459 = 4*t. Let g be 3 - (1 + t + -5). Suppose 0 = 11*k - 1863 + g. What are the prime factors of k?
2, 5, 7
Let t(g) = 820*g**2 + 48*g - 1. List the prime factors of t(5).
3, 31, 223
Let l = -121 - -272. Let j = -85 + l. Let t = j + -19. What are the prime factors of t?
47
Suppose 0 = -8*j - 187 + 667. Let q(h) = 3*h - 19. Let d be q(8). Suppose -d*r = -r - j. What are the prime factors of r?
3, 5
Suppose 12 = 5*r + 3*y, -2*y + 2 = 2*r - 2. Let a be -5 + r + -1 + 4. Suppose -a = 2*c - 43. List the prime factors of c.
3, 7
Suppose 5*x - 52*t + 57*t = 36700, -4*t - 14662 = -2*x. List the prime factors of x.
11, 23, 29
Let k = 104 - 104. Suppose 3*t - 7 - 5 = k. List the prime factors of (t/(-2))/(6/(-642)).
2, 107
Let y(u) = 38*u**2 - u. Let l be y(-1). Suppose -7 = 16*r - l. Suppose 0 = -r*k - 24 + 46. What are the prime factors of k?
11
Let s = -6600 + 13915. List the prime factors of s.
5, 7, 11, 19
Let c(o) = 6*o**2 + o**3 - o**2 - 7 + o**2 - 18*o. Let l be (21/(-18))/((-21)/(-126)). What are the prime factors of c(l)?
2, 5, 7
Suppose -3*l + 381 = -m, -2*m - 539 - 239 = 2*l. List the prime factors of (((-32)/(-6))/4)/((-1)/m).
2, 3, 43
Let d = 82912 - 57124. What are the prime factors of d?
2, 3, 7, 307
Let g(q) be the second derivative of q**4/6 - q**3/6 + 7*q**2 + 7*q. Let p be ((-54)/(-21))/3*(-5 + -2). List the prime factors of g(p).
2, 23
Let x(t) be the second derivative of 3*t**4/2 + t**3/2 + t**2/2 - t. Let w = -2485 - -2482. What are the prime factors of x(w)?
2, 7, 11
Let n = -978 + 3473. Suppose 485 - n = -15*i. What are the prime factors of i?
2, 67
Let p(h) = -332*h**3 + 3*h**2 + 46*h + 44. List the prime factors of p(-1).
3, 37
Suppose 88*r = 3*y + 93*r - 18867, 3*r - 31429 = -5*y. What are the prime factors of y?
2, 1571
Let x(i) = -13*i + 73. Let a be x(-11). Let z = a - 141. What are the prime factors of z?
3, 5
Let b be 51/3 + (-3)/((-3)/2). Let u(j) = -2*j - 43 + j - 7*j + b. What are the prime factors of u(-10)?
2, 7
List the prime factors of 8/180*-9 + 18487/5.
3697
Suppose 4*u = -2*j, -5*j + 26 = 2*u + 18. Suppose j*p + 592 = -5*c + 3057, -2*c + 972 = -2*p. List the prime factors of c.
491
Suppose 3*n + 0*n = -i - 67, -3*i + 63 = -2*n. List the prime factors of (-2)/n*4*0 - -618.
2, 3, 103
Let l(w) = 55*w**2 + 9*w + 5. Let r be l(-1). Let k(z) = -z**3 + 53*z**2 - 70*z + 48. List the prime factors of k(r).
2, 3, 5, 7
Let b = 198 + -190. Suppose -b*h + 208 = -2032. List the prime factors of h.
2, 5, 7
Let w(p) = -p**3 + 15*p**2 + 3*p - 7. Let q be w(14). Let n = q + 439. List the prime factors of n.
2, 5, 67
Suppose 14*h - 35*h + 13*h = -44792. What are the prime factors of h?
11, 509
Let b be 2 + (116/(-6))/(9/(-648)). Suppose 5*j - 131 = b. What are the prime factors of j?
5, 61
Let s(j) = -69*